is the millions digit of 11336786?
1
What is the ten thousands digit of 57100?
5
What is the millions digit of 7627128?
7
What is the millions digit of 1369261?
1
What is the units digit of 2471821?
1
What is the units digit of 4638267?
7
What is the hundred thousands digit of 2411168?
4
What is the thousands digit of 863585?
3
What is the units digit of 35994?
4
What is the tens digit of 665708?
0
What is the units digit of 641687?
7
What is the thousands digit of 292603?
2
What is the tens digit of 2120593?
9
What is the ten thousands digit of 164549?
6
What is the units digit of 363250?
0
What is the ten thousands digit of 88218?
8
What is the tens digit of 583745?
4
What is the tens digit of 388012?
1
What is the millions digit of 1845961?
1
What is the thousands digit of 687537?
7
What is the ten thousands digit of 2708341?
0
What is the hundred thousands digit of 440934?
4
What is the hundreds digit of 433808?
8
What is the hundred thousands digit of 417667?
4
What is the thousands digit of 5183440?
3
What is the thousands digit of 43959?
3
What is the ten thousands digit of 13087483?
8
What is the tens digit of 160573?
7
What is the tens digit of 1071026?
2
What is the ten thousands digit of 432683?
3
What is the thousands digit of 698183?
8
What is the ten thousands digit of 4424280?
2
What is the hundreds digit of 146754?
7
What is the thousands digit of 921231?
1
What is the hundreds digit of 5586?
5
What is the millions digit of 3584336?
3
What is the hundreds digit of 12818419?
4
What is the hundred thousands digit of 3773973?
7
What is the hundred thousands digit of 891342?
8
What is the units digit of 244269?
9
What is the hundred thousands digit of 21896941?
8
What is the hundreds digit of 110337?
3
What is the millions digit of 1954760?
1
What is the tens digit of 191810?
1
What is the hundred thousands digit of 16818212?
8
What is the hundred thousands digit of 106675?
1
What is the thousands digit of 1174380?
4
What is the ten thousands digit of 262567?
6
What is the ten millions digit of 18739722?
1
What is the ten thousands digit of 859219?
5
What is the tens digit of 1411032?
3
What is the units digit of 3743438?
8
What is the tens digit of 4460057?
5
What is the thousands digit of 8353441?
3
What is the tens digit of 129002?
0
What is the hundreds digit of 968343?
3
What is the thousands digit of 12924?
2
What is the thousands digit of 1107998?
7
What is the hundreds digit of 54876?
8
What is the hundred thousands digit of 546739?
5
What is the hundreds digit of 8416033?
0
What is the tens digit of 355629?
2
What is the thousands digit of 5590048?
0
What is the ten thousands digit of 233049?
3
What is the hundred thousands digit of 144545?
1
What is the hundreds digit of 231023?
0
What is the hundred thousands digit of 1687721?
6
What is the hundred thousands digit of 1055836?
0
What is the units digit of 603183?
3
What is the tens digit of 484129?
2
What is the hundred thousands digit of 10495817?
4
What is the units digit of 330430?
0
What is the hundreds digit of 2563537?
5
What is the hundreds digit of 8442661?
6
What is the ten thousands digit of 6836416?
3
What is the hundreds digit of 55078?
0
What is the hundred thousands digit of 256910?
2
What is the hundreds digit of 2640159?
1
What is the millions digit of 7975446?
7
What is the units digit of 9591428?
8
What is the units digit of 4113359?
9
What is the ten thousands digit of 1267603?
6
What is the ten thousands digit of 7085289?
8
What is the ten thousands digit of 2322908?
2
What is the hundreds digit of 829363?
3
What is the tens digit of 14793349?
4
What is the units digit of 9433663?
3
What is the thousands digit of 7416949?
6
What is the units digit of 7296504?
4
What is the thousands digit of 484746?
4
What is the tens digit of 1374947?
4
What is the ten thousands digit of 8280816?
8
What is the hundred thousands digit of 6277233?
2
What is the hundred thousands digit of 1985812?
9
What is the tens digit of 129423?
2
What is the millions digit of 1067643?
1
What is the thousands digit of 1013004?
3
What is the hundreds digit of 300436?
4
What is the ten millions digit of 16880038?
1
What is the tens digit of 13190726?
2
What is the thousands digit of 6796467?
6
What is the millions digit of 4461119?
4
What is the tens digit of 905800?
0
What is the thousands digit of 7095360?
5
What is the thousands digit of 164611?
4
What is the tens digit of 9723?
2
What is the hundreds digit of 441013?
0
What is the hundreds digit of 422751?
7
What is the hundreds digit of 68150?
1
What is the thousands digit of 407572?
7
What is the ten thousands digit of 231834?
3
What is the thousands digit of 304341?
4
What is the thousands digit of 430152?
0
What is the tens digit of 2402359?
5
What is the hundred thousands digit of 3594900?
5
What is the units digit of 2880377?
7
What is the thousands digit of 4389782?
9
What is the hundred thousands digit of 243574?
2
What is the hundred thousands digit of 3580027?
5
What is the hundreds digit of 851921?
9
What is the ten thousands digit of 564097?
6
What is the thousands digit of 1405192?
5
What is the ten thousands digit of 13898889?
9
What is the ten thousands digit of 3169262?
6
What is the tens digit of 2384475?
7
What is the ten thousands digit of 120305?
2
What is the units digit of 1501263?
3
What is the thousands digit of 770357?
0
What is the thousands digit of 8310654?
0
What is the hundreds digit of 12847345?
3
What is the hundred thousands digit of 155177?
1
What is the hundred thousands digit of 152780?
1
What is the thousands digit of 3117217?
7
What is the units digit of 93258?
8
What is the hundreds digit of 110109?
1
What is the hundreds digit of 21574273?
2
What is the tens digit of 3137225?
2
What is the units digit of 1091612?
2
What is the thousands digit of 359030?
9
What is the thousands digit of 15546472?
6
What is the hundred thousands digit of 248991?
2
What is the ten thousands digit of 4544642?
4
What is the thousands digit of 5407153?
7
What is the ten thousands digit of 225621?
2
What is the hundred thousands digit of 1021852?
0
What is the units digit of 3774893?
3
What is the hundred thousands digit of 6300599?
3
What is the ten thousands digit of 250805?
5
What is the hundred thousands digit of 1679080?
6
What is the thousands digit of 817862?
7
What is the units digit of 72586?
6
What is the ten millions digit of 22698289?
2
What is the tens digit of 976011?
1
What is the ten thousands digit of 6084087?
8
What is the tens digit of 815225?
2
What is the tens digit of 8877728?
2
What is the ten thousands digit of 1187379?
8
What is the units digit of 618260?
0
What is the thousands digit of 56479?
6
What is the units digit of 2646387?
7
What is the units digit of 456152?
2
What is the tens digit of 4700803?
0
What is the tens digit of 57805?
0
What is the ten thousands digit of 9583700?
8
What is the thousands digit of 143023?
3
What is the tens digit of 4376219?
1
What is the hundreds digit of 2490071?
0
What is the tens digit of 663381?
8
What is the ten thousands digit of 511896?
1
What is the tens digit of 289448?
4
What is the units digit of 5605389?
9
What is the hundreds digit of 216327?
3
What is the hundreds digit of 758892?
8
What is the ten thousands digit of 179523?
7
What is the hundred thousands digit of 223941?
2
What is the hundred thousands digit of 146862?
1
What is the units digit of 43331?
1
What is the tens digit of 3197438?
3
What is the hundreds digit of 373184?
1
What is the tens digit of 3199600?
0
What is the hundreds digit of 4706?
7
What is the hundred thousands digit of 2978818?
9
What is the ten thousands digit of 4041141?
4
What is the units digit of 71303?
3
What is the units digit of 325717?
7
What is the hundred thousands digit of 478062?
4
What is the tens digit of 1216893?
9
What is the thousands digit of 278783?
8
What is the ten thousands digit of 53756?
5
What is the hundred thousands digit of 6213110?
2
What is the thousands digit of 1271633?
1
What is the ten thousands digit of 6207817?
0
What is the hundred thousands digit of 260997?
2
What is the units digit of 2175507?
7
What is the tens digit of 4655007?
0
What is the tens digit of 2161437?
3
Wh